{"id":15,"date":"2014-01-23T20:17:51","date_gmt":"2014-01-23T20:17:51","guid":{"rendered":"http:\/\/automanie.ca\/pieces\/?page_id=15"},"modified":"2014-01-23T20:18:47","modified_gmt":"2014-01-23T20:18:47","slug":"pieces-automobiles","status":"publish","type":"page","link":"https:\/\/automanie.ca\/pieces\/pieces-automobiles\/","title":{"rendered":"Pi\u00e8ces automobiles"},"content":{"rendered":"<p><img loading=\"lazy\" decoding=\"async\" class=\"size-full wp-image-100 alignnone\" title=\"logo_automanie_web\" alt=\"\" src=\"http:\/\/automanie.ca\/wp-content\/uploads\/2011\/12\/logo_automanie_web.jpg\" width=\"130\" height=\"63\" \/><img loading=\"lazy\" decoding=\"async\" class=\"size-full wp-image-102 alignright\" title=\"Uni-Select\" alt=\"\" src=\"http:\/\/automanie.ca\/wp-content\/uploads\/2011\/12\/Uni-Select.gif\" width=\"43\" height=\"43\" \/><\/p>\n<p>&nbsp;<\/p>\n<p>Pour son magasin de pi\u00e8ces, Automanie est un fier partenaire de son r\u00e9seau<br \/>\nd\u2019approvisionnement<strong> UNI-SELECT.<\/strong><\/p>\n<p>Que vous soyez, garagiste, concessionnaire, entrepreneur ou bricoleur, nous sommes en mesure d\u2019offrir des pi\u00e8ces, des produits, des \u00e9quipements de marques nationales qui vous assureront une qualit\u00e9, une garantie ainsi qu&rsquo;une tranquillit\u00e9 d\u2019esprit et ce tr\u00e8s rapidement.<\/p>\n<ul>\n<li>Ouverture de compte<\/li>\n<li>Financement disponible pour les \u00e9quipements<\/li>\n<li>Termes de paiements<\/li>\n<li>Escompte sur votre volume d\u2019achat<\/li>\n<li>Catalogue en ligne: Printemps\/\u00e9t\u00e9 2012 &#8211; Automne\/hiver 2012<\/li>\n<\/ul>\n<p>&nbsp;<\/p>\n<p><em>Quelques marques disponibles:<\/em><\/p>\n<p>Castrol, Westward, King, Wix, Blue Streak, Raybestos, SKF, Grote, 3M,<br \/>\nExide, Kleen Flo, SKF, Spectra Premium, AC Delco, NGK, Permatec, Federal Mogul, MOOG, GOJO, Hidden Hitch, Reese, Robinair, CPS, Draw-Tite, Walker<\/p>\n<p><img loading=\"lazy\" decoding=\"async\" class=\"size-full wp-image-88 alignleft\" title=\"Nous Recyclons\" alt=\"\" src=\"http:\/\/automanie.ca\/wp-content\/uploads\/2011\/12\/nousRecyclons.jpg\" width=\"176\" height=\"142\" \/><\/p>\n","protected":false},"excerpt":{"rendered":"<p>&nbsp; Pour son magasin de pi\u00e8ces, Automanie est un fier partenaire de son r\u00e9seau d\u2019approvisionnement UNI-SELECT. Que vous soyez, garagiste, concessionnaire, entrepreneur ou bricoleur, nous sommes en mesure d\u2019offrir des &hellip;<\/p>\n","protected":false},"author":1,"featured_media":0,"parent":0,"menu_order":0,"comment_status":"closed","ping_status":"closed","template":"","meta":{"footnotes":""},"class_list":["post-15","page","type-page","status-publish","hentry"],"_links":{"self":[{"href":"https:\/\/automanie.ca\/pieces\/wp-json\/wp\/v2\/pages\/15","targetHints":{"allow":["GET"]}}],"collection":[{"href":"https:\/\/automanie.ca\/pieces\/wp-json\/wp\/v2\/pages"}],"about":[{"href":"https:\/\/automanie.ca\/pieces\/wp-json\/wp\/v2\/types\/page"}],"author":[{"embeddable":true,"href":"https:\/\/automanie.ca\/pieces\/wp-json\/wp\/v2\/users\/1"}],"replies":[{"embeddable":true,"href":"https:\/\/automanie.ca\/pieces\/wp-json\/wp\/v2\/comments?post=15"}],"version-history":[{"count":1,"href":"https:\/\/automanie.ca\/pieces\/wp-json\/wp\/v2\/pages\/15\/revisions"}],"predecessor-version":[{"id":16,"href":"https:\/\/automanie.ca\/pieces\/wp-json\/wp\/v2\/pages\/15\/revisions\/16"}],"wp:attachment":[{"href":"https:\/\/automanie.ca\/pieces\/wp-json\/wp\/v2\/media?parent=15"}],"curies":[{"name":"wp","href":"https:\/\/api.w.org\/{rel}","templated":true}]}}